{"id":1584,"date":"2022-09-02T19:08:10","date_gmt":"2022-09-02T19:08:10","guid":{"rendered":"https:\/\/karate-nowysacz.pl\/nkskk\/?page_id=1584"},"modified":"2026-08-24T05:38:21","modified_gmt":"2026-08-24T05:38:21","slug":"viii-turnieju-karate-kyokushin-sari-cup-24-09-2022","status":"publish","type":"page","link":"https:\/\/karate-nowysacz.pl\/nkskk\/viii-turnieju-karate-kyokushin-sari-cup-24-09-2022\/","title":{"rendered":"Zawody\/Turnieje"},"content":{"rendered":"\n<p class=\"has-text-align-center\">ZAPISY na zawody, zgrupowania i egzaminy wy\u0142\u0105cznie w DOJO na treningach,<br>po zakwalifikowaniu przez instruktora\/Sensei prowadz\u0105cego zaj\u0119cia, potwierdzaj\u0105cego umiej\u0119tno\u015bci, znajomo\u015b\u0107 przepis\u00f3w i regulamin\u00f3w kumite,<br>w celu zapewnienia bezpiecze\u0144stwa na imprezach sportowych karate.<\/p>\n\n\n\n<p class=\"has-text-align-center\">Licencja zawodnicza jest warunkiem udzia\u0142u zawodnika reprezentuj\u0105cego klub zrzeszony w PZK, w zawodach sportowych organizowanych przez Polski Zwi\u0105zek Karate.<\/p>\n\n\n<style>.wp-block-kadence-spacer.kt-block-spacer-1584_6ef4d6-a4 .kt-block-spacer{height:10px;}.wp-block-kadence-spacer.kt-block-spacer-1584_6ef4d6-a4 .kt-divider{border-top-width:2px;border-top-color:var(--global-palette1, #3182CE);width:100%;border-top-style:solid;}<\/style>\n<div class=\"wp-block-kadence-spacer aligncenter kt-block-spacer-1584_6ef4d6-a4\"><div class=\"kt-block-spacer kt-block-spacer-halign-center\"><hr class=\"kt-divider\"\/><\/div><\/div>\n\n\n\n<p class=\"has-text-align-center has-medium-font-size\"><strong>Treningi karate rozpoczynamy 7 wrze\u015bnia.<br>ZAPRASZAMY<br>(mo\u017cna uczestniczy\u0107 w dowolnych grupach treningowych).<\/strong><\/p>\n\n\n<style>.wp-block-kadence-spacer.kt-block-spacer-1584_8abd26-46 .kt-block-spacer{height:25px;}.wp-block-kadence-spacer.kt-block-spacer-1584_8abd26-46 .kt-divider{border-top-width:2px;border-top-color:var(--global-palette1, #3182CE);width:100%;border-top-style:solid;}<\/style>\n<div class=\"wp-block-kadence-spacer aligncenter kt-block-spacer-1584_8abd26-46\"><div class=\"kt-block-spacer kt-block-spacer-halign-center\"><hr class=\"kt-divider\"\/><\/div><\/div>\n\n\n\n<p class=\"has-text-align-center has-medium-font-size\"><strong>Zgrupowanie M\u0142odzie\u017cowej Kadry MOZK Por\u0119ba Wielka, 3-6.09.2026r<\/strong><\/p>\n\n\n\n<p class=\"has-text-align-center\">UWAGA: Zawodnicy Nowos\u0105deckiego Klubu Sportowego Karate Kyokushin zakwalifikowani do udzia\u0142u w Zgrupowaniu Kadry M\u0142odzie\u017cowej Ma\u0142opolskiego Okr\u0119gowego Zwi\u0105zku Karate, prosimy o uregulowaniu klubowych sk\u0142adek cz\u0142onkowskich za sierpie\u0144 2026r. (Klub powinien zg\u0142asza\u0107 do kwalifikacji na Zgrupowania i zawody tylko ubezpieczonych zawodnik\u00f3w w klubie, z aktualnymi sk\u0142adkami cz\u0142onkowskimi).<br>\/Mo\u017cna korzysta\u0107 z sali gimnastycznej DOJO we wtorki i czwartki od godz. 18.30\/<\/p>\n\n\n<style>.wp-block-kadence-spacer.kt-block-spacer-1584_812e5e-c4 .kt-block-spacer{height:60px;}.wp-block-kadence-spacer.kt-block-spacer-1584_812e5e-c4 .kt-divider{border-top-width:2px;border-top-color:var(--global-palette1, #3182CE);width:100%;border-top-style:solid;}<\/style>\n<div class=\"wp-block-kadence-spacer aligncenter kt-block-spacer-1584_812e5e-c4\"><div class=\"kt-block-spacer kt-block-spacer-halign-center\"><hr class=\"kt-divider\"\/><\/div><\/div>\n\n\n\n<p class=\"has-text-align-center has-medium-font-size\"><strong>III MA\u0141OPOLSKA LIGA KARATE KYOKUSHIN<br>D\u0105browa G\u00f3rnicza 12.09.2026r<\/strong><\/p>\n\n\n\n<div class=\"wp-block-file aligncenter\"><a id=\"wp-block-file--media-959d22ba-baa9-4500-93e4-9992f4b76572\" href=\"https:\/\/karate-nowysacz.pl\/nkskk\/wp-content\/uploads\/2026\/08\/Komunikat-Malopolska-Liga-Karate-Kyokushin-DG-12-09-2026.pdf\">Komunikat-Ma\u0142opolska Liga Karate Kyokushin-DG 12 09 2026<\/a><a href=\"https:\/\/karate-nowysacz.pl\/nkskk\/wp-content\/uploads\/2026\/08\/Komunikat-Malopolska-Liga-Karate-Kyokushin-DG-12-09-2026.pdf\" class=\"wp-block-file__button wp-element-button\" download aria-describedby=\"wp-block-file--media-959d22ba-baa9-4500-93e4-9992f4b76572\">Pobierz<\/a><\/div>\n\n\n<style>.wp-block-kadence-spacer.kt-block-spacer-1584_73942d-50 .kt-block-spacer{height:60px;}.wp-block-kadence-spacer.kt-block-spacer-1584_73942d-50 .kt-divider{border-top-width:2px;border-top-color:var(--global-palette1, #3182CE);width:100%;border-top-style:solid;}<\/style>\n<div class=\"wp-block-kadence-spacer aligncenter kt-block-spacer-1584_73942d-50\"><div class=\"kt-block-spacer kt-block-spacer-halign-center\"><hr class=\"kt-divider\"\/><\/div><\/div>\n\n\n\n<p class=\"has-text-align-center has-medium-font-size\"><strong>Puchar Polski Karate Kyokushin<br>Kasz\u00f3w 10.10.2026r.<\/strong><\/p>\n\n\n\n<div class=\"wp-block-file aligncenter\"><a id=\"wp-block-file--media-be99bc90-4d75-4f64-abf1-584265a14127\" href=\"https:\/\/karate-nowysacz.pl\/nkskk\/wp-content\/uploads\/2026\/08\/komunikat-42-Puchar-Polski-Karate-Kyokushin-2.pdf\">Komunikat 42 Puchar Polski Karate Kyokushin<\/a><a href=\"https:\/\/karate-nowysacz.pl\/nkskk\/wp-content\/uploads\/2026\/08\/komunikat-42-Puchar-Polski-Karate-Kyokushin-2.pdf\" class=\"wp-block-file__button wp-element-button\" download aria-describedby=\"wp-block-file--media-be99bc90-4d75-4f64-abf1-584265a14127\">Pobierz<\/a><\/div>\n\n\n\n<hr class=\"wp-block-separator has-text-color has-theme-palette-1-color has-alpha-channel-opacity has-theme-palette-1-background-color has-background is-style-wide\"\/>\n\n\n<div class=\"wp-block-image\">\n<figure class=\"aligncenter size-full\"><img loading=\"lazy\" decoding=\"async\" width=\"763\" height=\"407\" src=\"https:\/\/karate-nowysacz.pl\/nkskk\/wp-content\/uploads\/2026\/07\/kalendarz20260729.jpg\" alt=\"\" class=\"wp-image-3178\" srcset=\"https:\/\/karate-nowysacz.pl\/nkskk\/wp-content\/uploads\/2026\/07\/kalendarz20260729.jpg 763w, https:\/\/karate-nowysacz.pl\/nkskk\/wp-content\/uploads\/2026\/07\/kalendarz20260729-300x160.jpg 300w\" sizes=\"auto, (max-width: 763px) 100vw, 763px\" \/><\/figure><\/div>\n\n\n<p><\/p>\n","protected":false},"excerpt":{"rendered":"<p>ZAPISY na zawody, zgrupowania i egzaminy wy\u0142\u0105cznie w DOJO na treningach,po zakwalifikowaniu przez instruktora\/Sensei prowadz\u0105cego zaj\u0119cia, potwierdzaj\u0105cego umiej\u0119tno\u015bci, znajomo\u015b\u0107 przepis\u00f3w i regulamin\u00f3w kumite,w celu zapewnienia bezpiecze\u0144stwa na imprezach sportowych karate. Licencja zawodnicza jest warunkiem udzia\u0142u zawodnika reprezentuj\u0105cego klub zrzeszony w PZK, w zawodach sportowych organizowanych przez Polski Zwi\u0105zek Karate. Treningi karate rozpoczynamy 7 wrze\u015bnia.ZAPRASZAMY(mo\u017cna uczestniczy\u0107&#8230;<\/p>\n","protected":false},"author":1,"featured_media":0,"parent":0,"menu_order":0,"comment_status":"closed","ping_status":"closed","template":"","meta":{"give_campaign_id":0,"_kadence_starter_templates_imported_post":false,"_kad_post_transparent":"","_kad_post_title":"","_kad_post_layout":"","_kad_post_sidebar_id":"","_kad_post_content_style":"","_kad_post_vertical_padding":"","_kad_post_feature":"","_kad_post_feature_position":"","_kad_post_header":false,"_kad_post_footer":false,"_kad_post_classname":"","footnotes":""},"class_list":["post-1584","page","type-page","status-publish","hentry"],"campaignId":"","_links":{"self":[{"href":"https:\/\/karate-nowysacz.pl\/nkskk\/wp-json\/wp\/v2\/pages\/1584","targetHints":{"allow":["GET"]}}],"collection":[{"href":"https:\/\/karate-nowysacz.pl\/nkskk\/wp-json\/wp\/v2\/pages"}],"about":[{"href":"https:\/\/karate-nowysacz.pl\/nkskk\/wp-json\/wp\/v2\/types\/page"}],"author":[{"embeddable":true,"href":"https:\/\/karate-nowysacz.pl\/nkskk\/wp-json\/wp\/v2\/users\/1"}],"replies":[{"embeddable":true,"href":"https:\/\/karate-nowysacz.pl\/nkskk\/wp-json\/wp\/v2\/comments?post=1584"}],"version-history":[{"count":120,"href":"https:\/\/karate-nowysacz.pl\/nkskk\/wp-json\/wp\/v2\/pages\/1584\/revisions"}],"predecessor-version":[{"id":3204,"href":"https:\/\/karate-nowysacz.pl\/nkskk\/wp-json\/wp\/v2\/pages\/1584\/revisions\/3204"}],"wp:attachment":[{"href":"https:\/\/karate-nowysacz.pl\/nkskk\/wp-json\/wp\/v2\/media?parent=1584"}],"curies":[{"name":"wp","href":"https:\/\/api.w.org\/{rel}","templated":true}]}}

<p class="has-text-align-center">ZAPISY na zawody, zgrupowania i egzaminy wyłącznie w DOJO na treningach,<br>po zakwalifikowaniu przez instruktora/Sensei prowadzącego zajęcia, potwierdzającego umiejętności, znajomość przepisów i regulaminów kumite,<br>w celu zapewnienia bezpieczeństwa na imprezach sportowych karate.</p>



<p class="has-text-align-center">Licencja zawodnicza jest warunkiem udziału zawodnika reprezentującego klub zrzeszony w PZK, w zawodach sportowych organizowanych przez Polski Związek Karate.</p>


<style>.wp-block-kadence-spacer.kt-block-spacer-1584_6ef4d6-a4 .kt-block-spacer{height:10px;}.wp-block-kadence-spacer.kt-block-spacer-1584_6ef4d6-a4 .kt-divider{border-top-width:2px;border-top-color:var(--global-palette1, #3182CE);width:100%;border-top-style:solid;}</style>
<div class="wp-block-kadence-spacer aligncenter kt-block-spacer-1584_6ef4d6-a4"><div class="kt-block-spacer kt-block-spacer-halign-center"><hr class="kt-divider"/></div></div>



<p class="has-text-align-center has-medium-font-size"><strong>Treningi karate rozpoczynamy 7 września.<br>ZAPRASZAMY<br>(można uczestniczyć w dowolnych grupach treningowych).</strong></p>


<style>.wp-block-kadence-spacer.kt-block-spacer-1584_8abd26-46 .kt-block-spacer{height:25px;}.wp-block-kadence-spacer.kt-block-spacer-1584_8abd26-46 .kt-divider{border-top-width:2px;border-top-color:var(--global-palette1, #3182CE);width:100%;border-top-style:solid;}</style>
<div class="wp-block-kadence-spacer aligncenter kt-block-spacer-1584_8abd26-46"><div class="kt-block-spacer kt-block-spacer-halign-center"><hr class="kt-divider"/></div></div>



<p class="has-text-align-center has-medium-font-size"><strong>Zgrupowanie Młodzieżowej Kadry MOZK Poręba Wielka, 3-6.09.2026r</strong></p>



<p class="has-text-align-center">UWAGA: Zawodnicy Nowosądeckiego Klubu Sportowego Karate Kyokushin zakwalifikowani do udziału w Zgrupowaniu Kadry Młodzieżowej Małopolskiego Okręgowego Związku Karate, prosimy o uregulowaniu klubowych składek członkowskich za sierpień 2026r. (Klub powinien zgłaszać do kwalifikacji na Zgrupowania i zawody tylko ubezpieczonych zawodników w klubie, z aktualnymi składkami członkowskimi).<br>/Można korzystać z sali gimnastycznej DOJO we wtorki i czwartki od godz. 18.30/</p>


<style>.wp-block-kadence-spacer.kt-block-spacer-1584_812e5e-c4 .kt-block-spacer{height:60px;}.wp-block-kadence-spacer.kt-block-spacer-1584_812e5e-c4 .kt-divider{border-top-width:2px;border-top-color:var(--global-palette1, #3182CE);width:100%;border-top-style:solid;}</style>
<div class="wp-block-kadence-spacer aligncenter kt-block-spacer-1584_812e5e-c4"><div class="kt-block-spacer kt-block-spacer-halign-center"><hr class="kt-divider"/></div></div>



<p class="has-text-align-center has-medium-font-size"><strong>III MAŁOPOLSKA LIGA KARATE KYOKUSHIN<br>Dąbrowa Górnicza 12.09.2026r</strong></p>



<div class="wp-block-file aligncenter"><a id="wp-block-file--media-959d22ba-baa9-4500-93e4-9992f4b76572" href="https://karate-nowysacz.pl/nkskk/wp-content/uploads/2026/08/Komunikat-Malopolska-Liga-Karate-Kyokushin-DG-12-09-2026.pdf">Komunikat-Małopolska Liga Karate Kyokushin-DG 12 09 2026</a><a href="https://karate-nowysacz.pl/nkskk/wp-content/uploads/2026/08/Komunikat-Malopolska-Liga-Karate-Kyokushin-DG-12-09-2026.pdf" class="wp-block-file__button wp-element-button" download aria-describedby="wp-block-file--media-959d22ba-baa9-4500-93e4-9992f4b76572">Pobierz</a></div>


<style>.wp-block-kadence-spacer.kt-block-spacer-1584_73942d-50 .kt-block-spacer{height:60px;}.wp-block-kadence-spacer.kt-block-spacer-1584_73942d-50 .kt-divider{border-top-width:2px;border-top-color:var(--global-palette1, #3182CE);width:100%;border-top-style:solid;}</style>
<div class="wp-block-kadence-spacer aligncenter kt-block-spacer-1584_73942d-50"><div class="kt-block-spacer kt-block-spacer-halign-center"><hr class="kt-divider"/></div></div>



<p class="has-text-align-center has-medium-font-size"><strong>Puchar Polski Karate Kyokushin<br>Kaszów 10.10.2026r.</strong></p>



<div class="wp-block-file aligncenter"><a id="wp-block-file--media-be99bc90-4d75-4f64-abf1-584265a14127" href="https://karate-nowysacz.pl/nkskk/wp-content/uploads/2026/08/komunikat-42-Puchar-Polski-Karate-Kyokushin-2.pdf">Komunikat 42 Puchar Polski Karate Kyokushin</a><a href="https://karate-nowysacz.pl/nkskk/wp-content/uploads/2026/08/komunikat-42-Puchar-Polski-Karate-Kyokushin-2.pdf" class="wp-block-file__button wp-element-button" download aria-describedby="wp-block-file--media-be99bc90-4d75-4f64-abf1-584265a14127">Pobierz</a></div>



<hr class="wp-block-separator has-text-color has-theme-palette-1-color has-alpha-channel-opacity has-theme-palette-1-background-color has-background is-style-wide"/>


<div class="wp-block-image">
<figure class="aligncenter size-full"><img loading="lazy" decoding="async" width="763" height="407" src="https://karate-nowysacz.pl/nkskk/wp-content/uploads/2026/07/kalendarz20260729.jpg" alt="" class="wp-image-3178" srcset="https://karate-nowysacz.pl/nkskk/wp-content/uploads/2026/07/kalendarz20260729.jpg 763w, https://karate-nowysacz.pl/nkskk/wp-content/uploads/2026/07/kalendarz20260729-300x160.jpg 300w" sizes="auto, (max-width: 763px) 100vw, 763px" /></figure></div>


<p></p>

<p>ZAPISY na zawody, zgrupowania i egzaminy wyłącznie w DOJO na treningach,po zakwalifikowaniu przez instruktora/Sensei prowadzącego zajęcia, potwierdzającego umiejętności, znajomość przepisów i regulaminów kumite,w celu zapewnienia bezpieczeństwa na imprezach sportowych karate. Licencja zawodnicza jest warunkiem udziału zawodnika reprezentującego klub zrzeszony w PZK, w zawodach sportowych organizowanych przez Polski Związek Karate. Treningi karate rozpoczynamy 7 września.ZAPRASZAMY(można uczestniczyć&#8230;</p>
